*k - 2*d. Is k a composite number?
True
Is (-11 - (-16 + 8)) + 34329 - 7 a composite number?
False
Let w be (-935)/15*(-1 + 4)*1. Let c be (40/(-12))/(w/93 + 2). Suppose -4*s - 4*x + c = 10, 3*x = s - 91. Is s a prime number?
True
Let w(z) = -351*z**3 + 24*z**2 + 5*z + 3. Is w(-2) composite?
False
Suppose 2*j - 11102 = 7520. Is j a composite number?
False
Suppose 23*s - 14214 = -345. Let b(j) = -2*j**3 + 6*j**2 - 2*j - 4. Let g be b(6). Let a = g + s. Is a composite?
True
Let o be 8/14 - (-6 - (-11)/7). Suppose -o*u + 228643 = 18*u. Is u composite?
False
Let s(h) = -5*h - 175. Let c be s(-37). Is (846 - c) + (2 - 5)*-1 prime?
True
Let v(f) = 49*f - 24. Let j be v(13). Suppose 3*c - j = 5681. Suppose 4*r + c = 6*r. Is r a prime number?
True
Suppose -15*r = -4*r - 46222. Suppose 5*i + r = 3*t, 4*i - 4 = 16. Is t a composite number?
False
Let q = 1113471 + -617162. Is q a composite number?
True
Is -2*((-17493462)/28)/27 a composite number?
False
Let n = -17169 + 40516. Is n composite?
True
Let a = -391275 + 611338. Is a prime?
True
Let n(i) = i + 1. Let p(d) = -197*d - 19. Let h(v) = -2*n(v) - p(v). Is h(6) prime?
True
Is 57/342 - 26464998/(-36) composite?
False
Let k(w) = -w + 14. Let m be k(-9). Suppose m*z - 21*z = 0. Suppose z = -68*y + 64*y + 24028. Is y prime?
True
Let c be 0 + 12*(-402 - -4). Let x be (2/((-8)/(-18)))/((-18)/c). Suppose x = l + 427. Is l prime?
False
Is ((-171978900)/45*(-6)/16)/(20/8) composite?
False
Let v = 361 + -352. Suppose -5*p - 10320 = -v*p + 2*q, 4*p + 4*q - 10308 = 0. Is p prime?
True
Suppose -5*u + 6*u = -9. Let r be 6366/u*(-3)/2. Is r/(1*-3*6/(-18)) prime?
True
Suppose -202*g + 512715961 = -27*g - 39586314. Is g composite?
True
Suppose 2*r + 2*o = 6, 4 - 2 = 2*o. Is 3/(r/(-17) - 16906/(-142834)) prime?
True
Let h be 2/1*1/(-2)*4. Let r be (1 + (-2 - 0))*5. Is -5 + (257 + r - h) composite?
False
Let b = 284861 + -118810. Is b a prime number?
False
Suppose 6408 + 1222 = -2*f. Let x = f - -7450. Is x a prime number?
False
Let q(w) = 1624*w**2 + 33*w - 21. Let g be q(7). Suppose -2*c = 5*m - 2*m - 59831, 0 = -4*m + 3*c + g. Is m a prime number?
False
Let c(y) = -1886*y - 81. Let w(l) = -7544*l - 322. Let m(d) = 23*c(d) - 6*w(d). Is m(4) composite?
True
Let v = 22 - 5. Let j(n) be the second derivative of n**3 - 53*n**2/2 - 339*n. Is j(v) a composite number?
True
Suppose 0 = -29*n + 34*n - 835. Let b = n + 84. Is b composite?
False
Suppose -4*c - 80 = -56. Let g(w) = -1733*w + 7. Is g(c) prime?
False
Suppose -3*y = -5*q + 453876, 4*q - 253005 = 5*y + 110088. Is q composite?
True
Suppose -5*h = 2*u - 575, u + 7 = 2. Let n = h + -112. Suppose -n*g = 5*z - g - 2151, 1294 = 3*z - g. Is z a prime number?
True
Let m(u) = 63*u + 10. Let w(p) = -252*p - 39. Let f(z) = 9*m(z) + 2*w(z). Let a = -1507 - -1512. Is f(a) a prime number?
False
Suppose 0 = -b - 5*b. Suppose -3*d - 5 + 14 = b. Suppose 3*n + n = d*g + 1340, -5*g = 0. Is n a composite number?
True
Suppose 0 = m + 4*t - 115183, -11*m + 8*m - 5*t + 345549 = 0. Is m prime?
True
Let s(d) = 3625*d - 2298. Is s(31) a prime number?
False
Let o = 85304 + 300315. Is o a composite number?
True
Suppose 0 = 17*h + 2517521 - 9123976. Is h composite?
True
Let q(a) = 29*a**2 + 24*a + 7. Suppose 2*z + 0*z - 8 = f, -5*z = -4*f - 14. Is q(z) prime?
False
Let z = -5984 - -6139. Let n be 2/3*(-66)/(-1). Suppose -o + z = -n. Is o prime?
True
Suppose 11*q - 2 = -2. Let j be (q - -1) + -5 + (3 - 76). Let p = j + 240. Is p a prime number?
True
Is ((-196)/245)/((-1)/15) + 372725 a composite number?
True
Suppose -150*b - 1270482 = -5798232. Is b a prime number?
False
Let n = -347926 - -503813. Is n a composite number?
False
Suppose -4 = -2*l + 2*t, -5*l - 19 = 2*t - 1. Let y(c) = 2*c + 6. Let j be y(l). Suppose 3*a = j*v + 1523, 5*v + 9 + 11 = 0. Is a a composite number?
True
Is -11 - (-18 + 1) - -106847 a composite number?
False
Let z(l) = -l**3 + 2*l**2 + l - 2. Suppose -2*q = -4*m - 12, -m = 5*q - 0*m + 3. Let y be z(q). Is (1 + 3/y)/(27/(-46710)) a composite number?
True
Is -217842*(9 - (-710)/(-60)) a prime number?
False
Let k = 72 - 129. Let p = 71 + k. Is 4 + p/(-4) + (-234)/(-4) a prime number?
True
Suppose 2*k + k = 9. Suppose 3433 + 3767 = -15*d. Is (d/k + -3)*-1 composite?
False
Let j be (7147/3)/(-7)*-3*10. Suppose 5*n - j = -5*u, u + u = -3*n + 6125. Suppose -n = -x - 3*y, 0 = -0*x + 2*x - 3*y - 4118. Is x a composite number?
False
Let r(c) = 2*c**3 + 14*c**2 - 3*c - 16. Let h be r(-7). Suppose t - h*a - 16698 = 0, -4*a - 68246 = -4*t - 1374. Is t composite?
True
Let x(m) = -m**3 - 9*m**2 - 39*m - 29. Is x(-14) composite?
True
Is (-54)/783 + (-912170)/(-58) prime?
True
Suppose 5*j - 17 = y, 8*j - 2*y - 6 = 5*j. Suppose -j*n = -4*t + 3*t - 2533, -3*n + 1895 = 4*t. Is n a composite number?
True
Let t be 1152/(-320)*2110/(-3). Let i = t + -1351. Is i a prime number?
True
Suppose -4*o = -r + 342061, -22*o - 2*r + 85517 = -23*o. Is o/(-6) + (-6)/(-12) prime?
False
Is -14*(-4)/14 - -236055 prime?
False
Let m(n) = 76*n**2 - 4*n + 9. Let x(a) = 9*a**2 - 2*a - 3. Let g be x(-1). Let y be (-7)/((-28)/g) - -2 - -2. Is m(y) composite?
True
Suppose -2*w + 14 = 2*y, 0 = -3*y - 2*w + 16 + 4. Suppose -y*d = -0*d - 42666. Is d a composite number?
True
Let x(t) = 283*t**2 - 10*t - 13. Suppose -5*w - 3*o + 690 = 0, -3*o = -0*w - 2*w + 276. Let b = 136 - w. Is x(b) a prime number?
False
Let f be (-2 + 11/(-2))*96/(-120). Is (39 - 41)*((-27519)/f)/1 composite?
False
Suppose -5*y = -10 - 0. Suppose -10*a = -y*a - 968. Is (a/2)/((-21)/(-42)) prime?
False
Suppose 752*n - 753*n - 4*m + 478093 = 0, -n = m - 478105. Is n prime?
False
Suppose 7*g + 679 = 9905. Let m = g - 360. Is m prime?
False
Let k = -14 - -19. Suppose k = -7*h + 180. Is (-10)/h + (-5148)/(-20) a composite number?
False
Suppose 32*l - 3771072 = -899296. Is l a composite number?
True
Suppose 0 = -127*m + 148*m - 7225239. Is m a prime number?
False
Suppose 0 = -5*r - 34 + 74, t - 5*r - 996195 = 0. Is t a prime number?
False
Let v(k) = k - 2. Let i be v(2). Suppose -2*a - 10 = i, -3*u - 2*u = -4*a - 35. Suppose 0 = u*m - m + 10, 67 = 4*x - 3*m. Is x prime?
True
Let q(r) = 1138*r + 60. Let t be q(-12). Let p = t - -23756. Suppose p = 3*o + 2*o + 5*s, -5*o = 2*s - 10145. Is o prime?
True
Let b = -94558 - -135569. Is b composite?
False
Is (-2)/(-5)*-1 - (-414)/(-90) - -256936 a prime number?
True
Let s be ((-38)/(-20) + 2/(-5))*34. Let o = 53 - s. Is 17/(-51) - (o - 1486/3) prime?
False
Suppose 11*s = 74451 + 13406. Let k = s + -1378. Is k prime?
False
Suppose -88*r + 92*r = 5*o - 152699, 3*o - 91614 = -3*r. Is o a prime number?
True
Suppose l + u - 2 = -3, 0 = -4*l + 4*u - 4. Let b = 3 - l. Is b - 2 - (-2 + -411) a prime number?
False
Suppose 12*w + 51856 = 9556. Let a = -2270 - w. Is a a composite number?
True
Suppose -4*c = -420249 + 33797. Is c a composite number?
True
Suppose m = -x - 5, -3*x - 17 + 2 = -4*m. Suppose -2*n + s + 222 = m, 0 = 5*s + 3 - 23. Is n a prime number?
True
Let x be (-9)/(-6)*16/(-12) - -6. Suppose 2*s + 2*j + 8 = 7*j, -3*j = -12. Suppose x*w - f = 540, -s = 3*f + 6. Is w composite?
True
Let r be 14*(-3 + 4) + -4. Suppose r*g - 8*g = 5*a - 7, 60 = 5*g + 3*a. Suppose 0 = -g*l + 14551 - 3580. Is l a composite number?
True
Let b(o) = -56155*o - 3136. Is b(-27) a prime number?
True
Let c(q) = -q**3 + q**2 - q - 127. Let m be c(0). Let f = m - -1214. Is f prime?
True
Let l = 64 - 63. Let m be 0 - (8/(-10))/(l/5). Suppose m*i = -20, 5*x + i = -0*x + 780. Is x a composite number?
False
Suppose 17*k - 20*k = -173841. Is k composite?
False
Let d = 619 + 283. Suppose -4*g + 5*n = d + 837, 0 = g - 2*n + 431. Let t = 913 - g. Is t composite?
True
Suppose 2*k = 2*f - 943218, f = 87*k - 83*k + 471597. Is f a prime number?
False
Suppose -508890 = 7*w + 815720. Is (8/21)/(-4) - w/210 a prime number?
False
Let i = 633918 + -450145. Is i a prime number?
False
Let j(g) = -g**2 - 14*g - 11. Let x be j(-13). Let o be ((-84)/(-5))/6 - x/(-10). Suppose -o*s = 337 - 1582. Is s composite?
True
Suppose 4*u - 2*u = 4*i - 58, 0 = -4*i + 3*u + 63. Let x(a) = 0*a**2 + 5 + 8*a**3 - i*a + a**2 - 2*a**2 - 7*a**2. Is x(6) a prime number?
True
Let m(u) = 120*u**3 + u**2 - 1. Let f be m(2). Let s = -547 + f. Suppose -i + 4*h + 422 = -h, -h + s = 